{"id":2782,"date":"2021-03-31T14:06:22","date_gmt":"2021-03-31T14:06:22","guid":{"rendered":"http:\/\/urlaubundfotografie.de\/?page_id=2782"},"modified":"2023-08-27T11:40:52","modified_gmt":"2023-08-27T11:40:52","slug":"2782-2","status":"publish","type":"page","link":"https:\/\/urlaubundfotografie.de\/?page_id=2782","title":{"rendered":"Lagos September 2019"},"content":{"rendered":"<p>[et_pb_section fb_built=&#8221;1&#8243; _builder_version=&#8221;4.7.7&#8243; background_color=&#8221;#000000&#8243; custom_padding=&#8221;54px|0px|54px|0px|false|false&#8221; hover_enabled=&#8221;0&#8243; locked=&#8221;off&#8221; sticky_enabled=&#8221;0&#8243;][et_pb_row _builder_version=&#8221;4.7.7&#8243; background_size=&#8221;initial&#8221; background_position=&#8221;top_left&#8221; background_repeat=&#8221;repeat&#8221; hover_enabled=&#8221;0&#8243; sticky_enabled=&#8221;0&#8243;][et_pb_column type=&#8221;4_4&#8243; _builder_version=&#8221;3.25&#8243; custom_padding=&#8221;|||&#8221; custom_padding__hover=&#8221;|||&#8221;][et_pb_text _builder_version=&#8221;4.7.7&#8243; hover_enabled=&#8221;0&#8243; sticky_enabled=&#8221;0&#8243; custom_padding=&#8221;|||0px||&#8221;]<\/p>\n<h1 class=\"et_pb_module_header et-fb-editable-element et-fb-editable-element__editing\" data-shortcode-id=\"0.0-1546519802658\" data-quickaccess-id=\"title\" contenteditable=\"true\"><span style=\"color: #ffffff;\">Lagos September 2019<\/span><\/h1>\n<p><span style=\"color: #ffffff;\">Lagos ist eine malerische Stadt an der portugisischen S\u00fcdk\u00fcste, direkt am Atlantig gelegen. Kleine enge Gassen, bunte H\u00e4user, von irgendwo her der Klang von Musik, in der Ferne das Rauschen des Meeres und die Sonne im Gesicht. Besser geht es nicht.<br \/><\/span><\/p>\n<p><span style=\"color: #ffffff;\">300 Sonnentage im Jahr Temperaturen im Sommer bis 30\u00b0 C im Winter immerhin noch 16 &#8211; 18\u00b0 und dabei eine Wassertemperatur zwischen 15 und 20\u00b0 C. Dazu gibt es in der Region viele Ausflugsm\u00f6glichkeiten, so bietet der Urlaub einen perfekten Ausgleich zwischen dem Entdecken von Neuem und Erholung.<br \/><\/span><\/p>\n<p>[\/et_pb_text][et_pb_text _builder_version=&#8221;4.7.7&#8243; hover_enabled=&#8221;0&#8243; sticky_enabled=&#8221;0&#8243;]<\/p>\nngg_shortcode_0_placeholder\n<p>[\/et_pb_text][\/et_pb_column][\/et_pb_row][\/et_pb_section]<\/p>\n","protected":false},"excerpt":{"rendered":"<p>Lagos September 2019 Lagos ist eine malerische Stadt an der portugisischen S\u00fcdk\u00fcste, direkt am Atlantig gelegen. Kleine enge Gassen, bunte H\u00e4user, von irgendwo her der Klang von Musik, in der Ferne das Rauschen des Meeres und die Sonne im Gesicht. Besser geht es nicht. 300 Sonnentage im Jahr Temperaturen im Sommer bis 30\u00b0 C im [&hellip;]<\/p>\n","protected":false},"author":2,"featured_media":0,"parent":21,"menu_order":3,"comment_status":"closed","ping_status":"closed","template":"","meta":{"_et_pb_use_builder":"on","_et_pb_old_content":"","_et_gb_content_width":"","ngg_post_thumbnail":0,"jetpack_post_was_ever_published":false,"footnotes":""},"class_list":["post-2782","page","type-page","status-publish","hentry"],"jetpack_shortlink":"https:\/\/wp.me\/P6FbZP-IS","jetpack_sharing_enabled":true,"_links":{"self":[{"href":"https:\/\/urlaubundfotografie.de\/index.php?rest_route=\/wp\/v2\/pages\/2782","targetHints":{"allow":["GET"]}}],"collection":[{"href":"https:\/\/urlaubundfotografie.de\/index.php?rest_route=\/wp\/v2\/pages"}],"about":[{"href":"https:\/\/urlaubundfotografie.de\/index.php?rest_route=\/wp\/v2\/types\/page"}],"author":[{"embeddable":true,"href":"https:\/\/urlaubundfotografie.de\/index.php?rest_route=\/wp\/v2\/users\/2"}],"replies":[{"embeddable":true,"href":"https:\/\/urlaubundfotografie.de\/index.php?rest_route=%2Fwp%2Fv2%2Fcomments&post=2782"}],"version-history":[{"count":4,"href":"https:\/\/urlaubundfotografie.de\/index.php?rest_route=\/wp\/v2\/pages\/2782\/revisions"}],"predecessor-version":[{"id":2789,"href":"https:\/\/urlaubundfotografie.de\/index.php?rest_route=\/wp\/v2\/pages\/2782\/revisions\/2789"}],"up":[{"embeddable":true,"href":"https:\/\/urlaubundfotografie.de\/index.php?rest_route=\/wp\/v2\/pages\/21"}],"wp:attachment":[{"href":"https:\/\/urlaubundfotografie.de\/index.php?rest_route=%2Fwp%2Fv2%2Fmedia&parent=2782"}],"curies":[{"name":"wp","href":"https:\/\/api.w.org\/{rel}","templated":true}]}}