{"id":128,"date":"2015-09-01T19:47:40","date_gmt":"2015-09-01T19:47:40","guid":{"rendered":"http:\/\/urlaubundfotografie.de\/?page_id=128"},"modified":"2018-12-28T13:38:30","modified_gmt":"2018-12-28T13:38:30","slug":"peru-reise-2015-vom-26-09-bis-zum-18-10","status":"publish","type":"page","link":"https:\/\/urlaubundfotografie.de\/?page_id=128","title":{"rendered":"Peru-Reise 2015"},"content":{"rendered":"<p>[et_pb_section fb_built=&#8221;1&#8243; _builder_version=&#8221;3.4&#8243; background_color=&#8221;#000000&#8243;][et_pb_row _builder_version=&#8221;3.0.48&#8243; background_size=&#8221;initial&#8221; background_position=&#8221;top_left&#8221; background_repeat=&#8221;repeat&#8221;][et_pb_column type=&#8221;4_4&#8243; _builder_version=&#8221;3.0.47&#8243; parallax=&#8221;off&#8221; parallax_method=&#8221;on&#8221;][et_pb_text _builder_version=&#8221;3.18.7&#8243; text_font=&#8221;||||||||&#8221; text_text_color=&#8221;#ffffff&#8221; header_font=&#8221;||||||||&#8221; header_text_color=&#8221;#ffffff&#8221;]<\/p>\n<h1>Peru-Reise 2015 vom 26.09. bis zum 18.10.<\/h1>\n<p>\u201ePeru, das reichste Land der Welt\u201c, l\u00e4dt uns ein herauszufinden, dass nicht derjenige am reichsten ist, der am meisten besitzt, sondern jener, der die meisten unvergesslichen Erfahrungen macht.<\/p>\n<p>Hier befinden sich ein Teil des Amazonas-Regenwalds sowie Machu Picchu, eine alte Inka-Stadt hoch oben in den Anden. Die Gegend rund um Machu Picchu, einschlie\u00dflich des Heiligen Tals, des Inka-Pfads und der Kolonialstadt Cusco, verf\u00fcgt \u00fcber zahlreiche Ausgrabungsst\u00e4tten. An der trockenen Pazifikk\u00fcste Perus liegt die Hauptstadt Lima mit einem gut erhaltenen Zentrum aus der Kolonialzeit und wichtigen Sammlungen pr\u00e4kolumbianischer Kunst.<\/p>\n<p>[\/et_pb_text][et_pb_text _builder_version=&#8221;3.4&#8243;]ngg_shortcode_0_placeholder<br \/>\n[\/et_pb_text][\/et_pb_column][\/et_pb_row][\/et_pb_section]<\/p>\n","protected":false},"excerpt":{"rendered":"<p>Peru-Reise 2015 vom 26.09. bis zum 18.10. \u201ePeru, das reichste Land der Welt\u201c, l\u00e4dt uns ein herauszufinden, dass nicht derjenige am reichsten ist, der am meisten besitzt, sondern jener, der die meisten unvergesslichen Erfahrungen macht. Hier befinden sich ein Teil des Amazonas-Regenwalds sowie Machu Picchu, eine alte Inka-Stadt hoch oben in den Anden. Die Gegend [&hellip;]<\/p>\n","protected":false},"author":2,"featured_media":0,"parent":21,"menu_order":3,"comment_status":"closed","ping_status":"closed","template":"","meta":{"_et_pb_use_builder":"on","_et_pb_old_content":"<div class=\"page\" title=\"Page 1\"><div class=\"layoutArea\"><div class=\"column\">\u00a0<\/div><\/div><\/div><div class=\"page\" title=\"Page 1\">\u00a0<\/div><div class=\"page\" title=\"Page 1\">\u00a0<\/div>","_et_gb_content_width":"","ngg_post_thumbnail":0,"jetpack_post_was_ever_published":false,"footnotes":""},"class_list":["post-128","page","type-page","status-publish","hentry"],"jetpack_shortlink":"https:\/\/wp.me\/P6FbZP-24","jetpack_sharing_enabled":true,"_links":{"self":[{"href":"https:\/\/urlaubundfotografie.de\/index.php?rest_route=\/wp\/v2\/pages\/128","targetHints":{"allow":["GET"]}}],"collection":[{"href":"https:\/\/urlaubundfotografie.de\/index.php?rest_route=\/wp\/v2\/pages"}],"about":[{"href":"https:\/\/urlaubundfotografie.de\/index.php?rest_route=\/wp\/v2\/types\/page"}],"author":[{"embeddable":true,"href":"https:\/\/urlaubundfotografie.de\/index.php?rest_route=\/wp\/v2\/users\/2"}],"replies":[{"embeddable":true,"href":"https:\/\/urlaubundfotografie.de\/index.php?rest_route=%2Fwp%2Fv2%2Fcomments&post=128"}],"version-history":[{"count":7,"href":"https:\/\/urlaubundfotografie.de\/index.php?rest_route=\/wp\/v2\/pages\/128\/revisions"}],"predecessor-version":[{"id":2331,"href":"https:\/\/urlaubundfotografie.de\/index.php?rest_route=\/wp\/v2\/pages\/128\/revisions\/2331"}],"up":[{"embeddable":true,"href":"https:\/\/urlaubundfotografie.de\/index.php?rest_route=\/wp\/v2\/pages\/21"}],"wp:attachment":[{"href":"https:\/\/urlaubundfotografie.de\/index.php?rest_route=%2Fwp%2Fv2%2Fmedia&parent=128"}],"curies":[{"name":"wp","href":"https:\/\/api.w.org\/{rel}","templated":true}]}}